common divisor of 23 and u.
23
Let k be 1 + 0 - (3 - -3). Let p = 55 + k. Calculate the highest common divisor of p and 10.
10
Let j = 9 + -3. What is the greatest common divisor of 6 and j?
6
Let i(l) = l**3 - 2*l**2 + 2*l + 2. Let w = 12 + -9. Let n be i(w). Calculate the greatest common divisor of 17 and n.
17
Suppose -u + 9 = -7. Let z be (-2)/4*u/(-4). What is the greatest common factor of z and 6?
2
Let w(y) = -5*y**2 + 3*y + 3. Let v be w(3). Let x = v + 55. Calculate the highest common divisor of x and 154.
22
Let g(w) = -w**3 + w + 14. Suppose 3*k = -2*r - 4, -5*k + 2*r + 0 = -4. Let y be g(k). Calculate the highest common divisor of 21 and y.
7
Let r be 3 - 1/(-3)*-3. Calculate the greatest common divisor of 2 and r.
2
Let v be 2/10 - (-518)/35. Calculate the greatest common divisor of v and 45.
15
Let n = -29 + 33. Let m = -4 + 6. What is the highest common factor of m and n?
2
Let q = 0 - -2. Let j be 0/q - (-22)/1. Let n = -8 + j. Calculate the greatest common divisor of 2 and n.
2
Let y = 24 - 18. Suppose t = y*t - 220. Calculate the greatest common factor of 110 and t.
22
Let b(o) = -127*o**3 + 2*o + 1. Let y be b(-1). Calculate the greatest common factor of 18 and y.
18
Let x be (81/(-6))/(2/4). Let d be (6/2)/(x/(-72)). Calculate the greatest common factor of 4 and d.
4
Suppose -6*l + 2*n = -3*l + 16, 4*n - 22 = l. Let r be (9 + 2 + l)*5. Calculate the greatest common factor of r and 9.
9
Suppose 3*i - 770 = -2*i. Suppose 4*k + 4 = 28. Suppose k*c - 2*c = z + 92, 4*z = -2*c + 28. What is the greatest common divisor of i and c?
22
Suppose 0 = 4*p + 3*f - 225, 2*f - 101 = -2*p + 13. What is the greatest common factor of p and 6?
6
Let d be (-2)/(-9) - (-4)/(-18). Suppose -z + 9 + 96 = d. What is the greatest common factor of z and 21?
21
Let x(y) = -y**3 - 2*y**2 - 4*y - 3. Let a be 1/(-2)*0 + -3. Let m be x(a). Calculate the highest common divisor of m and 126.
18
Let o(c) = c**3 + 10*c**2 + 15*c - 11. Let z be o(-7). What is the greatest common divisor of 62 and z?
31
Let n(y) = y + 25. Let s be n(0). Suppose s = 4*h - 3*h - 2*b, -b = 5. What is the greatest common divisor of h and 15?
15
Suppose -2*s - 4 = -2*g - s, -9 = -5*g + 3*s. Suppose w = -g*w. Let p = 1 + w. What is the highest common divisor of 11 and p?
1
Let x = -5 - -12. Let m(f) = f + 6. Let p be m(-7). Let z be 13/2*2 - p. What is the greatest common divisor of z and x?
7
Let i(s) = s - 9. Let n be i(9). Suppose 2*a = 5*l - 16, n = a - 3*a + l. Suppose 3*v = 8*v - 90. Calculate the highest common divisor of v and a.
2
Let a = 5 - 2. Let j be (-27)/(-2) - (-3)/2. What is the greatest common factor of j and a?
3
Let d(z) = 5*z - 18. Let g be d(4). Calculate the highest common factor of 14 and g.
2
Suppose 2*n - 22 = n + 3*y, 30 = 5*n + 5*y. Suppose -5 = -k - 0*k. Calculate the highest common factor of k and n.
5
Let n = -85 + 95. Let p(r) = r**3 - r**2 - 2*r + 2. Let l be p(2). What is the greatest common factor of l and n?
2
Suppose 0 = 2*z - 0*h - 3*h - 135, 2*z + 4*h = 156. What is the highest common divisor of z and 9?
9
Let r be (-2)/(-3)*(-6)/(-4). Let z = r + -1. Suppose 2*q = 5*v + 3, -q + 2*q - 2*v - 4 = z. What is the greatest common divisor of 126 and q?
14
Suppose 105 = -s + 6*s. Let r(i) = 2*i - 15. Let z be r(10). Suppose -z*a - m + 43 = -5*m, -4*a - 3*m + 22 = 0. What is the highest common divisor of s and a?
7
Suppose -5*r = -22 - 3. Let a be (12/2)/(2/5). Suppose -2*g - g + a = 0. Calculate the greatest common divisor of r and g.
5
Let k(d) = 2*d**2 + 11*d - 6. Let g be k(-8). Calculate the highest common factor of g and 306.
34
Let n be 9/(-21) + (-1710)/(-21) - -4. What is the greatest common divisor of n and 51?
17
Suppose 5*s + 0 = 10. Suppose 21 = -s*t - 5*l, -2*t - 3*l - 7 - 4 = 0. Suppose 2*w = 5*w - 18. Calculate the highest common factor of w and t.
2
Let h be ((-40)/6)/(2/(-6)). Suppose -12*r = -9*r - 300. Calculate the highest common factor of r and h.
20
Let i(m) = -m**3 + 7*m**2 - 6*m + 4. Let w be i(6). Calculate the highest common factor of w and 12.
4
Let q(f) = -10*f + 3. Let b be q(-6). Let t(n) = -3*n - 5. Let s be t(-4). What is the greatest common divisor of b and s?
7
Let v(w) = w**2 - 5*w + 6. Let c be v(5). Calculate the greatest common divisor of c and 27.
3
Suppose -2*k - 3*k + 55 = 0. Suppose 223 = -2*t - k. Let q = t + 168. What is the highest common factor of 17 and q?
17
Let h = -192 - -269. What is the greatest common divisor of 11 and h?
11
Let p(f) = 12*f**2 + 2*f + 1. Let z be p(3). What is the greatest common factor of 46 and z?
23
Suppose 3*m - 10 + 1 = 0. Suppose 26 = q - 4*j, -3*q + 4*j + m = -59. What is the highest common factor of q and 45?
9
Let k be 5/(-2)*72/(-12). What is the greatest common divisor of 75 and k?
15
Suppose -144 = 2*p - 522. What is the greatest common factor of 21 and p?
21
Suppose -5*a = -2*v + 82, 4*v + 3*a + 28 = 218. Let g = 95 - v. Let h = g - 27. What is the highest common factor of 33 and h?
11
Let x be 3*(3 + (-6)/(-3)). Let t = x - -30. Let u(k) = k**3 - 3*k**2 + 2*k - 6. Let j be u(4). Calculate the greatest common divisor of j and t.
9
Let w be (-9)/(-6)*8/6. Calculate the greatest common factor of w and 10.
2
Let g(l) = l**2 + 0 + 3 - 3 + 2. Let a be g(4). Calculate the greatest common divisor of 45 and a.
9
Let b be (-833)/(-63) - 4/18. What is the greatest common factor of b and 104?
13
Suppose -5*x = -5, 5*x - 523 = -2*f + 2*x. What is the greatest common factor of f and 20?
20
Let j be 46/8 + (-7)/(-28). Let i(k) = 2*k**2 + 6*k - 2. Let y be i(-7). Calculate the greatest common divisor of j and y.
6
Let a(w) = -2 - 4*w + 69*w**2 + 1 + 5*w. Let t be a(1). What is the greatest common divisor of t and 46?
23
Let v(q) = -19*q**3 + q + 1. Let c be v(-1). Calculate the greatest common divisor of c and 38.
19
Suppose -4*o + j = -32, 4*o + 16 = 2*j + 48. Let r(i) = -2 - i + 1 + 2*i**2 + 7. Let s be r(6). Calculate the greatest common divisor of s and o.
8
Suppose 2*t = -3*t + 55. Let n = 59 + t. What is the highest common divisor of n and 10?
10
Let n be -12*(-1 - 0 - 0). What is the greatest common divisor of 132 and n?
12
Let q = -9 + 12. Let v(g) = g**3 - 6*g**2 + g - 3. Let c be v(6). Suppose -3*b - 2 = 7, 3*o = c*b + 12. Calculate the highest common divisor of q and o.
1
Suppose 12 = 3*l - 2*l. Suppose -4*v = -3*p - l - 12, 3*v = -2*p + 18. Let y be ((-27)/6)/(v/(-32)). What is the highest common factor of y and 36?
12
Let i(v) = -7*v - 7. Let m be i(-4). What is the greatest common divisor of m and 7?
7
Let h(m) = 13*m**2 + 2*m - 4. Let f be h(-4). Suppose 207 = 5*n + 67. What is the greatest common factor of n and f?
28
Let g(a) = -3 + 5 + a**2 - 2*a + a. Let w be g(3). Suppose 3*p - 64 = p. Calculate the highest common divisor of p and w.
8
Suppose 12*y - 504 = 6*y. Suppose 0 = -4*q + 3*q + 7. Let h be 2/(-7) + 149/q. Calculate the greatest common factor of h and y.
21
Let q be (-1)/(32/(-84) - 1/(-3)). What is the greatest common divisor of q and 189?
21
Let l(w) = 3*w - 8. Let y be l(9). What is the greatest common factor of 19 and y?
19
Let o(w) = -w**3 + w + 7. Let b be o(0). Suppose -15 = -v - 3*c, -2*v + 2*c = 3*c - 40. Calculate the highest common factor of v and b.
7
Suppose -5*z = -20, z + 18 = 2*w + 5*z. What is the highest common divisor of 8 and w?
1
Suppose 3*s - 30 = 90. Calculate the greatest common factor of s and 15.
5
Let w(l) = 8*l**2 - 2*l - 1. Let d be w(-1). Let b be ((-2)/(-5))/((-13)/(-1170)). What is the greatest common factor of b and d?
9
Suppose -4*k - 2*o + 164 = 0, -2*k + 3*o + 53 + 21 = 0. What is the highest common divisor of k and 5?
5
Let r be 2/(-3) + (-257)/(-3) + 3. Calculate the highest common factor of r and 8.
8
Let j be (48/2)/1 - 0. What is the greatest common factor of 36 and j?
12
Suppose -3*n + 19 = -2*r - 8*n, 4*n + 26 = 2*r. Suppose l + 5*w = r*l - 153, w = -3*l + 187. What is the greatest common divisor of l and 8?
8
Let q = -20 + 125. What is the greatest common divisor of 42 and q?
21
Let o be (1/(-2))/(2/4). Let b be 0 + 0 - (-63 + o). Suppose -4*t + 4*x = -56, 6 = t - 5*x - 0. Calculate the highest common divisor of t and b.
16
Let s be (-15 - -53) + 4/2. Calculate the greatest common factor of 8 and s.
8
Let i be -